t i(r) = -r**3 + 16*r**2 - 2*r + 35. Let g(t) = t**3 - 15*t**2 + 3*t - 33. Let n(f) = 7*g(f) + 6*i(f). What are the prime factors of n(9)?
2, 3, 5
Suppose -4*i + 14182 = 2*h, -560 = i + 2*h - 4107. Suppose 19*s - 888 = -d + 22*s, -4*d = -5*s - i. List the prime factors of d.
3, 5, 59
Let s = -12 + 15. Let w = 1 - -1. Suppose -w*h + s*g = -102, -h - 4*g = -g - 60. List the prime factors of h.
2, 3
Suppose 4017 = 12*o + 189. Suppose -3*r = 3*r + 906. Let v = o + r. What are the prime factors of v?
2, 3, 7
Let h(t) = 4*t - 6. Let x be h(2). Suppose -o - 3*o = -4*n - 304, 3*o - 148 = x*n. Let i = n + 161. What are the prime factors of i?
3
Suppose 315*v = 302*v + 64545. List the prime factors of v.
3, 5, 331
What are the prime factors of 27095 + 0/1 + 22/(572/78)?
2, 17, 797
Let g(u) = 217*u**2 - 12*u - 12. What are the prime factors of g(5)?
53, 101
Suppose 2*r = -2*r + 3468. What are the prime factors of 6 - 264/42 - r/(-21)?
41
Let o = -8763 - -17030. What are the prime factors of o?
7, 1181
Suppose -7*l = -4*l - 12. Suppose y - l*w - 21 = -0, 5*y + w - 84 = 0. Let u = y - -7. List the prime factors of u.
2, 3
Let m be (0 + 228)*57/9. Suppose -5*q = 3*c - m, 3*c + 0*c = -3*q + 870. List the prime factors of q.
7, 41
Suppose 2*t + 2*c = 45030, -4*t + 0*t + 90030 = -2*c. Suppose -t = -11*o - 6571. What are the prime factors of o?
3, 7, 23
Let z = -1870 + 987. Let h = -389 - z. List the prime factors of h.
2, 13, 19
Let d(j) be the second derivative of 1/2*j**3 - 10*j - 1/20*j**5 + 0 + 1/12*j**4 - 17/2*j**2. List the prime factors of d(-5).
2, 59
What are the prime factors of 7512 - 168/(9 - -3)?
2, 23, 163
Let a = -20 + 34. Let c(w) = w**3 - 13*w**2 - 6*w + 18. Let f be c(a). Suppose -5*r + 67 = -4*q - 199, f = 3*r + 5*q. What are the prime factors of r?
2, 5
Let c be 1 + ((-6)/10 - 4/10). Let g(f) = -f**3 - f**2 - 2*f - 7. Let d be g(c). Let r(a) = 2*a**2 + 9*a - 7. List the prime factors of r(d).
2, 7
Let h(s) = s**3 - 28*s**2 - 23*s - 5. Suppose -x - 3*q + 44 = 0, 5*q = -x + q + 49. What are the prime factors of h(x)?
13
Let b be (-86429)/(-11) + ((-112)/88)/7. Suppose 0 = 23*c + 4*c - b. List the prime factors of c.
3, 97
Let x be (20/12 - 3)/((-4)/(-1290)). Let a = -309 - x. List the prime factors of a.
11
Let p = 18 - 30. Let d be ((-3)/p)/((-2)/(-8)). What are the prime factors of 6/1 - d*3?
3
Let q be (-4)/((10/(-274))/5). Let x = q + -118. List the prime factors of x.
2, 5, 43
Suppose 29848 = -1085*s + 1093*s. List the prime factors of s.
7, 13, 41
Let o(q) be the second derivative of -q**5/60 + 5*q**4/8 - 14*q**3/3 - 3*q**2 + 16*q. Let t(u) be the first derivative of o(u). List the prime factors of t(8).
2, 7
Let a(f) = f**3 + 79*f**2 + 133*f + 881. What are the prime factors of a(-66)?
48731
Suppose -3*f - 138 = -3*x, f + 3*x + 37 = 7*x. Suppose 2*i - 72 = g, -5*g - 275 = 3*i + 111. Let n = f - g. What are the prime factors of n?
3
Let p(c) = c**3 + 56*c**2 + 28*c + 161. List the prime factors of p(-23).
2, 3, 23, 41
Suppose -3*z - 39*t + 40*t + 18344 = 0, -4*z - t = -24461. List the prime factors of z.
5, 1223
Suppose -9*q + 194 + 616 = 0. Let d = q - 11. What are the prime factors of d?
79
Suppose 4*s - 62*f + 66*f = 48684, -9*s + 3*f = -109455. List the prime factors of s.
2, 3041
Suppose 315 = 10*b - 185. Suppose -b + 46 = -4*s. List the prime factors of 188/5 + ((-6)/(-15))/s.
2, 19
Let c(u) = -u**3 + 17*u**2 - 27*u + 2. Let q be c(11). Let p = -283 + q. List the prime factors of p.
2, 37
Let h(q) = q**2 + 5*q + 2. Let d be h(-5). Suppose -d*k + 1304 = 2*k. Suppose -4*u - 26 + k = 0. What are the prime factors of u?
3, 5
Suppose -4*n = -3*s + 1, -5*s + 11 = -0*n - 2*n. Suppose 211 = i - n*o, i - 3*o - 241 = -29. What are the prime factors of i?
11, 19
Let g = -7600 - -10766. List the prime factors of g.
2, 1583
Let s(z) = -z**3 + 4*z**2 - z - 10. Let m be s(4). Let f(y) = -3*y**2 - 1 - 7 - 15*y + 2*y**2. What are the prime factors of f(m)?
2, 3
Suppose -5*c + 10 = -0*c. What are the prime factors of (-566)/(4*(-1)/c)?
283
List the prime factors of (-2 + 66/4)/(20 + 1490449/(-74524)).
2, 29, 601
Suppose f + 0*f - 2 = 0. Let g = 10549 - 10546. What are the prime factors of (f - g)*(0 + -1) + 205?
2, 103
Let k = 21 + -29. Let l(v) = 5*v**2 - 17*v + 3. List the prime factors of l(k).
3, 17
Let v = 109 + -90. Suppose v*z = 16*z + 12. Suppose 12*q - 1152 = -z*q. List the prime factors of q.
2, 3
Let a(i) = i**3 + 28*i**2 + 24*i - 61. Let g be a(-27). Suppose -5*x + 1152 + 1453 = 2*m, 0 = 4*m - g. What are the prime factors of x?
3, 173
List the prime factors of 2321 + (6 - 3)/((-27)/36).
7, 331
List the prime factors of (66500/(-400))/(1/(-40)).
2, 5, 7, 19
Let o(b) = -82*b**3 - b**2 + 3*b + 98. What are the prime factors of o(-5)?
2, 3, 859
Let h(f) = -35*f**3 - f - 2. Let t be h(-1). Suppose 2*v = t + 38. Let m = v - -2. What are the prime factors of m?
2, 19
Let y(d) = -d**3 + 7*d**2 + 15*d - 28. Let p be y(8). Suppose -7*h - 14 = -p. List the prime factors of 0/h + (100 - 18).
2, 41
Let o = -116441 + 164643. List the prime factors of o.
2, 7, 11, 313
What are the prime factors of 891/81 - (2 - 7897)?
2, 59, 67
Let f = 134435 - 82675. What are the prime factors of f?
2, 5, 647
Suppose -4*p + 0*p = 3*p. Suppose -4*r + r + 501 = p. List the prime factors of r.
167
Let h(j) = 53*j**2 - 33*j + 58. What are the prime factors of h(-6)?
2, 541
Let g = 852 + -834. Suppose 13*r = g*r - 7105. What are the prime factors of r?
7, 29
Let x be (-2098)/(-8) - (55/(-4) - -14). Suppose -432 = -q - 5*j, q + 4*j - 691 = -x. List the prime factors of q.
3, 139
List the prime factors of (-3)/18 - (5445533/(-570) - (-2)/5).
41, 233
Let o(z) = -18*z - 1. Let t be 1 - (-6)/(-1 + (-10)/(-4)). Suppose 104 = -3*j - t*j. What are the prime factors of o(j)?
233
Suppose -7*c + 2*c = 30. Suppose -l - 406 + 139 = 0. Let z = c - l. List the prime factors of z.
3, 29
Suppose 25*f - 300854 - 650721 = 0. List the prime factors of f.
17, 2239
Let d = 58 - 30. Suppose 0 = 4*v + d + 32. Let q = 8 - v. List the prime factors of q.
23
Suppose -2227797 = -366*q + 2204463. What are the prime factors of q?
2, 5, 7, 173
Suppose 17*a = -147 + 11. List the prime factors of 75 + (10/4)/(a/16).
2, 5, 7
Suppose -18*d + 127899 + 284709 = 14*d. List the prime factors of d.
2, 3, 7, 307
Suppose 62515 = 4*r + 3*b, 5*r = b + 40478 + 37642. What are the prime factors of r?
5
Suppose -c - 346*a + 343*a + 37719 = 0, 75480 = 2*c - a. What are the prime factors of c?
3, 7, 599
Suppose 413*z = 422*z - 1746. Suppose -26050 = 169*x - z*x. List the prime factors of x.
2, 521
Let l = 9261 + 10534. What are the prime factors of l?
5, 37, 107
Suppose -17*j - 16804 = -5*i - 19*j, 0 = 5*i - 3*j - 16794. What are the prime factors of i?
2, 3, 5, 7
Suppose -3*l - 1 = 4*c, -18 + 6 = 4*l. Suppose 1 = -5*z + o + 8, z + 5*o = 17. Suppose 3*w = c*s + 243, w + z*s = -w + 162. What are the prime factors of w?
3
Let k(a) = a**3 - 40*a**2 + 3*a - 21. Let q be k(40). Let w = q + 530. What are the prime factors of w?
17, 37
Let x(z) = -24*z - 28. Let h be x(-5). List the prime factors of 1/(0 + 2/h).
2, 23
Suppose -3*m + 2*w + 26 = -2*w, 0 = 4*m + 2*w + 2. Suppose m*x - d = -2*x - 11, 4*x + 14 = -2*d. What are the prime factors of (-4 - x)*(1 + -40 + 1)?
2, 19
Let c(r) be the third derivative of 1/8*r**4 - 1/2*r**3 + 1/30*r**5 + 0 - 32*r**2 + 0*r + 41/30*r**6. What are the prime factors of c(1)?
2, 83
Suppose 0 = -3*z + 4*z - 169. Let k(a) = 2*a**2 + 14*a - 1. Let d be k(6). Suppose 4*i - z = d. What are the prime factors of i?
3
Let r(g) = g**3 - 11*g**2 + 2*g - 27. Let j be r(11). Let b(p) = -17 - 9 - 14 + 33 - 14*p. What are the prime factors of b(j)?
3, 7
Suppose 8982 + 11865 = 3*s - 3*z, -2*z = 3*s - 20862. What are the prime factors of s?
2, 11, 79
Let b be (-9)/(-21) + (-1)/((-42)/(-2916)). Let l = 25 + -47. Let y = l - b. What are the prime factors of y?
47
Let r = 49 + -341. Let n = r - -489. List the prime factors of n.
197
Let n(b) = b**2 - 26*b + 40. Let y be n(24). What are the prime factors of y/(48/(-918)) - 7?
2, 73
Let p(x) = -360*x + 339*x - 1 + 10 + 9*x**2. List the prime factors of p(7).
3, 101
Suppose -8*a = -11*a. Suppose a = 2*b - 3*l + 2877, -l = 2*b - 635 + 3516. What are the prime fa